-22).
12
Let l(z) = 26*z + 3. Calculate l(-2).
-49
Let s(l) = -4*l - 38. Give s(-3).
-26
Let w(d) = -2*d**3 + 3*d**2 - 6*d + 7. Calculate w(2).
-9
Let s(i) = i**3 + 11*i**2 + 9*i - 1. Give s(-10).
9
Let r(n) = -n - 1. Calculate r(2).
-3
Let u(q) = -2*q**2 + 32*q - 132. Give u(5).
-22
Let n(g) = 2*g**2 - 17*g - 7. What is n(8)?
-15
Let h(t) = 12*t**2 - t + 1. Determine h(1).
12
Let v(b) = -13*b**2 - 8*b + 1. Determine v(-2).
-35
Let j(h) = 2*h**2 - 3*h - 5. Determine j(-3).
22
Let o(h) = h**2 + 61*h - 65. Calculate o(-62).
-3
Let c(s) = -4*s**2 - 5*s - 2. Determine c(-3).
-23
Let v(n) = n**3 - 19*n**2 - 17*n - 16. Determine v(20).
44
Let q(m) = -m**3 + 4*m**2 - 2*m + 2. What is q(3)?
5
Let h(w) = 17*w - 118. Determine h(7).
1
Let m(h) = 12*h**2 - h. What is m(-1)?
13
Let c(m) = -m**2 - 27*m - 5. What is c(-27)?
-5
Let p(t) = t**2 + 9*t - 3. Determine p(-7).
-17
Let j(p) = p**2 - 10*p + 9. What is j(9)?
0
Let y(v) = 7*v + 55. Determine y(-7).
6
Let v(f) = f**3 - 5*f - 19. Determine v(3).
-7
Let l(g) = -g**3 + 6*g**2 + 2*g - 27. Determine l(5).
8
Let j(l) = -10*l**2 + 102*l - 19. Give j(10).
1
Let n(y) = y**3 + 6*y**2 - 8*y - 20. What is n(-5)?
45
Let c(l) = -l**3 - 5*l**2 + 9*l + 8. Determine c(-6).
-10
Let r(u) = -u**3 + 6*u**2 - 4*u + 1. Determine r(4).
17
Let x(g) = -3*g**2 - 8*g - 11. Give x(-3).
-14
Let m(t) = -t**2 + 2*t - 28. Calculate m(5).
-43
Let v(x) = 2*x**2 + 6. Calculate v(0).
6
Let t(a) = -12*a - 1. Give t(-1).
11
Let s(y) = y**3 - 9*y**2 + 8*y + 6. Calculate s(8).
6
Let f(v) = -8*v + 43. What is f(5)?
3
Let n(p) = p**2 + 23*p + 12. Determine n(-22).
-10
Let f(g) = 14*g**2 - g. Calculate f(1).
13
Let r(i) = -4*i**2 - 8*i. Calculate r(-4).
-32
Let d(k) = -2*k**2 + 3*k - 5. Calculate d(3).
-14
Let l(f) = f**3 - f**2 - 17*f - 3. Calculate l(-3).
12
Let k(z) = -z**2 - 12*z - 21. Give k(-10).
-1
Let u(p) = -p + 22. What is u(13)?
9
Let b(w) = -54*w**3 - w**2. Give b(-1).
53
Let q(t) = -t**2 - 14*t - 31. Calculate q(-14).
-31
Let t(y) = -y**3 + 21*y**2 - 38*y + 35. Calculate t(19).
35
Let n(x) = -30*x**3 + x**2 + 3*x + 2. Determine n(-1).
30
Let b(y) = y**3 - 6*y**2 + 5*y + 4. Give b(5).
4
Let b(f) = -2*f + 22. Calculate b(0).
22
Let s(n) = -n**2 + 36*n - 106. What is s(33)?
-7
Let p(y) = -3*y**3 - 3*y**2 - y + 1. What is p(-2)?
15
Let i(p) = -p**2 - 2*p + 10. Calculate i(-7).
-25
Let q(s) = -2*s**2 - 15*s + 6. Give q(-8).
-2
Let c(m) = -m**3 + 18*m**2 - 43*m - 36. Calculate c(15).
-6
Let v(k) = 33*k**2 - 1. Give v(1).
32
Let f(l) = l**2 - 11*l + 26. What is f(4)?
-2
Let i(k) = 5*k + 139. Give i(-33).
-26
Let z(p) = 6*p + 59. Give z(-12).
-13
Let l(q) = -q + 4. What is l(-5)?
9
Let o(q) = q**3 - 3*q**2 + 3*q + 1. Give o(3).
10
Let h(s) = s**3 + 9*s**2 + 3*s + 8. Calculate h(-7).
85
Let c(b) = -b. Calculate c(4).
-4
Let k(c) = -c**2 + 19*c + 14. Calculate k(20).
-6
Let u(f) = f**3 - 10*f**2 - 34*f + 9. Determine u(-3).
-6
Let n(u) = 5*u + 11. What is n(-4)?
-9
Let a(i) = 14*i + 46. Calculate a(-3).
4
Let q(k) = k**2 + 5*k - 118. What is q(-14)?
8
Let m(z) = 8*z**2 - 4*z - 2. Calculate m(4).
110
Let i(a) = a**2 - 5*a - 87. What is i(12)?
-3
Let w(k) = -18*k + 87. What is w(5)?
-3
Let r(w) = 43*w - 4. Determine r(1).
39
Let o(q) = q**3 + 25*q**2 + 24*q + 42. Determine o(-24).
42
Let f(t) = -14*t - 236. Give f(-16).
-12
Let y(d) = d**2 - 10*d - 10. Determine y(9).
-19
Let a(b) = -b**2 + 10*b - 9. Give a(4).
15
Let o(x) = -4*x**2 - 5*x + 11. Calculate o(4).
-73
Let t(s) = 4*s + 32. What is t(-6)?
8
Let v(d) = 4*d + 1. Calculate v(2).
9
Let i(p) = -p**2 - 8*p + 4. Calculate i(-9).
-5
Let z(m) = -m**3 - m**2 + 2. What is z(-2)?
6
Let o(g) = -g**2 + 5*g + 12. Determine o(-2).
-2
Let q(c) = -2*c**3 - 16*c**2 - 22*c - 55. Calculate q(-7).
1
Let u(m) = -m**2 + 24*m + 149. What is u(29)?
4
Let u(w) = -2*w + 79. What is u(42)?
-5
Let o(d) = 8*d + 58. Give o(-13).
-46
Let k(p) = 25*p**3 - 2*p**2 + p + 2. Calculate k(-1).
-26
Let p(t) = 29*t + 134. What is p(-4)?
18
Let k(s) = s**3 - s**2 - 8*s - 3. Determine k(-3).
-15
Let y(j) = -4*j**2 + 26*j + 5. Determine y(7).
-9
Let p(q) = 4*q - 25. Calculate p(4).
-9
Let n(h) = -2*h**3 - 2*h**2 + 3*h - 5. Calculate n(2).
-23
Let m(r) = -r**2 + 7*r - 10. Calculate m(7).
-10
Let q(u) = 4*u - 2. Give q(-2).
-10
Let y(u) = -u**3 + 4*u**2 - u - 2. Give y(4).
-6
Let l(j) = -j**3 - 3*j**2 + 4*j + 6. Determine l(-4).
6
Let b(v) = -v**2 - 11*v - 13. Calculate b(-6).
17
Let n(m) = 3*m**2 + 21*m + 3. Calculate n(-7).
3
Let z(i) = i**3 + 9*i**2 + 8*i - 9. Give z(-8).
-9
Let w(v) = -v**3 - 24*v**2 - 56*v - 247. Calculate w(-22).
17
Let z(w) = -w**3 - w**2 - 2*w + 6. What is z(2)?
-10
Let l(v) = v**3 - 9*v**2 + 3*v + 5. Calculate l(9).
32
Let p(k) = k**3 + 9*k**2 + 8*k - 13. Determine p(-7).
29
Let s(x) = x**2 - 4*x + 4. Determine s(2).
0
Let h(c) = -c**3 + 6*c**2 - 3*c - 1. Calculate h(5).
9
Let k(u) = -11*u**2 + u - 4. Give k(2).
-46
Let i(a) = -a**3 - 2*a**2 + 8*a + 4. Determine i(-4).
4
Let u(i) = -4*i + 10. Determine u(-1).
14
Let y(f) = -6*f - 41. What is y(-5)?
-11
Let o(p) = -36*p + 47. Calculate o(7).
-205
Let i(k) = -2*k**2 - 4*k + 5. Give i(-4).
-11
Let i(t) = -t**2 + 4*t + 7. Calculate i(5).
2
Let r(b) = -2*b**2 + 6*b + 2. Calculate r(6).
-34
Let b(f) = 7*f - 14. Determine b(7).
35
Let q(y) = y**3 - 12*y**2 + 2*y - 12. Calculate q(12).
12
Let j(w) = -w**2 + 4*w + 39. Give j(-5).
-6
Let a(o) = 4*o - 6. Give a(8).
26
Let o(c) = -c**3 - 42*c**2 + 181*c - 139. Give o(-46).
-1
Let m(o) = o. What is m(11)?
11
Let o(w) = -w**2 + 18*w - 27. Calculate o(15).
18
Let n(q) = q**2 - 9*q + 12. Determine n(6).
-6
Let q(d) = -2*d**3 - 3*d**2. Determine q(-2).
4
Let m(h) = 7*h + 1. What is m(-5)?
-34
Let d(i) = -3*i - 1. Determine d(-5).
14
Let n(b) = -4*b + 2. Calculate n(3).
-10
Let s(o) = -4*o**3 - 2*o**2 - 4*o - 13. Determine s(-3).
89
Let t(v) = v**3 - 6*v**2 - 13. Calculate t(6).
-13
Let u(h) = -9*h - 7. Calculate u(0).
-7
Let a(h) = h**2 + 19*h + 15. What is a(-17)?
-19
Let m(n) = n**2 + 9*n - 8. Give m(-5).
-28
Let h(y) = -y**3 - 5*y**2 - 5*y - 6. Calculate h(-4).
-2
Let x(z) = -z**3 - z**2 + 37*z - 8. Calculate x(-7).
27
Let b(u) = 2*u**3 - u**2 - 2*u + 4. What is b(2)?
12
Let q(b) = b**3 + 6*b**2 - 2*b - 8. Determine q(-6).
4
Let k(a) = -72*a - 218. Calculate k(-3).
-2
Let k(h) = 6*h + 3. Determine k(1).
9
Let o(m) = 15*m - 9. Calculate o(-3).
-54
Let v(i) = -15*i - 321. Calculate v(-20).
-21
Let d(z) = -z**3 + z**2 + 4*z - 2. What is d(3)?
-8
Let c(w) = -5*w + 1. Calculate c(-1).
6
Let s(a) = a**2 - 25*a + 3. What is s(25)?
3
Let m(k) = -2*k - 3. Give m(6).
-15
Let h(r) = 3*r - 23. Determine h(8).
1
Let c(j) = j**3 - 9*j**2 + 11*j + 17. Calculate c(7).
-4
Let p(z) = z**2 + 6*z + 9. Calculate p(-6).
9
Let p(t) = -9*t + 19. Give p(2).
1
Let n(s) = -9*s + 130. What is n(16)?
-14
Let m(l) = 31*l + 61. Calculate m(-2).
-1
Let s(q) = q**3 + 7*q**2 + 6*q - 13. Determine s(-6).
-13
Let n(c) = -c**3 - 5*c**2 + 4*c + 7. Determine n(3).
-53
Let y(a) = 2*a**2 - 35*a + 25. Give y(17).
8
Let g(n) = n**3 - 14*n**2 + 49*n + 1. What is g(6)?
7
Let i(f) = -f**3 - 15*f**2 + 15*f - 22. Give i(-16).
-6
Let a(h) = 8*h. Give a(-2).
-16
Let v(a) = a**2 - 8*a - 2. What is v(7)?
-9
Let j(a) = -2*a - 11. Give j(7).
-25
Let a(l) = -l**3 + 14*l**2 + 20*l + 19. Determine a(15).
94
Let x(d) = 9*d - 44. Calculate x(5).
1
Let v(x) = -10*x + 44. Give v(5).
-6
Let g(j) = -5*j + 17. Calculate g(3).
2
Let l(u) = -3*u**2 - 2*u + 1. Calculate l(4).
-55
Let m(l) = -14*l - 179. What is m(-13)?
3
Let v(g) = -g**2 + g + 3. Determine v(-3).
-9
Let t(i) = -20*i + 186. Give t(9).
6
Let r(w) = -w**3 + 6*w**2 + 4*w. Give r(6).
24
Let j(t) = -t**2 - 5. Calculate j(-6).
-41
Let v(w) = w**2 - 17*w + 60. What is v(12)?
0
Let t(j) = -3*j - 64. Calculate t(-12).
-28
Let z(s) = 2*s - 1. Calculate z(-2).
-5
Let t(f) = 8*f + 11. Determine t(-1).
3
Let g(h) = 2*h + 35. Calculate g(-17).
1
Let r(v) = v**2 + 8*v + 9. Give r(-6).
-3
Let r(l) = -8*l - 6. Calculate r(-2).
10
Let p(g) = -g**2 + 14*g - 9. Give p(14).
-9
Let p(q) = 8*q - 24. Give p(6).
24
Let y(f) = -2*f**3 - 23*f**2 - 11*f. Give y(-11).
0
Let h(k) = -29*k + 209. Determine h(7).
6
Let r(v) = -v + 8. What is r(19)?
-11
Let p(d) = -2*d**2 + 3*d - 3. Calculate p(2).
-5
Let o(v) = 2*v**3 + 5*v**2 + 4*v. Calculate o